11*b + 45. Determine o(-3).
3
Let v(q) = -713*q + 18554. Determine v(26).
16
Let u(l) = l**2 - 17*l + 147. What is u(5)?
87
Let b(j) = -j**2 - 5*j + 26. What is b(4)?
-10
Let i(x) = 5*x**2 + 43*x - 89. Determine i(-10).
-19
Let h(w) = 543*w - 55. Give h(1).
488
Let i(h) = 4*h**2 + 20*h + 177. Determine i(-14).
681
Let o(r) = 73*r + 1441. What is o(-19)?
54
Let q(i) = -8*i**2 - 82*i + 25. Give q(-11).
-41
Let v(r) = 299*r + 2718. Calculate v(-9).
27
Let z(g) = 3*g**3 + 144*g**2 - 5*g - 189. What is z(-48)?
51
Let x(q) = 19*q**3 + 1082*q**2 - 62*q - 237. Give x(-57).
48
Let i(h) = 36*h**2 + 20*h - 24. What is i(-2)?
80
Let y(u) = -u**3 - 26*u**2 + 21*u + 106. What is y(-26)?
-440
Let f(g) = -g**3 - 44*g**2 - 350*g + 418. Give f(-33).
-11
Let p(r) = -48*r + 183. Determine p(4).
-9
Let a(h) = 21*h**3 - 3*h**2 - 83*h - 81. Give a(-1).
-22
Let u(p) = 1250*p + 21260. Determine u(-17).
10
Let j(v) = -15*v - 480. Determine j(-31).
-15
Let k(t) = -t**2 + 103*t + 736. Calculate k(109).
82
Let b(j) = -j**2 - 56*j - 97. What is b(-55)?
-42
Let g(y) = -76*y**2 + 760*y - 4. What is g(10)?
-4
Let h(n) = 202*n + 376. Determine h(-3).
-230
Let r(l) = -2*l**2 - 52*l - 98. Calculate r(-2).
-2
Let c(m) = 3*m**3 + m**2 - 43*m - 187. Calculate c(-4).
-191
Let p(h) = 2*h**3 - 31*h**2 - 60*h + 183. Calculate p(17).
30
Let y(m) = -3*m**3 - 115*m**2 - 85*m - 1790. Calculate y(-38).
-4
Let p(v) = 13*v**2 - 292*v + 128. Determine p(22).
-4
Let h(r) = 3*r**2 + 173*r + 1376. What is h(-48)?
-16
Let g(f) = 651*f + 7168. Calculate g(-11).
7
Let d(j) = -104*j + 15818. Give d(152).
10
Let f(x) = x**3 - 3*x**2 - 56*x - 4. Give f(-7).
-102
Let h(s) = -s**2 + 50*s - 480. What is h(42)?
-144
Let j(r) = -4*r**3 - 118*r**2 + 52*r - 136. Calculate j(-30).
104
Let d(p) = 12*p**3 - 4*p**2 + 41*p - 38. What is d(1)?
11
Let r(j) = 2*j**2 - 29*j + 11. Calculate r(15).
26
Let k(r) = -r**2 + 28*r + 128. Calculate k(-4).
0
Let m(f) = -8*f**2 + 291*f + 290. Give m(-1).
-9
Let v(s) = s**3 + 6*s**2 - 38*s + 34. Give v(-10).
14
Let l(i) = -i**3 - 29*i**2 - 136*i - 4. Give l(-6).
-16
Let k(r) = 28*r + 421. Calculate k(-16).
-27
Let g(c) = -20*c + 2. What is g(7)?
-138
Let m(p) = 3*p**2 - 22*p + 190. What is m(7)?
183
Let i(p) = -p**3 + 16*p**2 + 15*p - 125. Calculate i(14).
477
Let h(x) = x**3 + 34*x**2 + 275*x - 37. Give h(-20).
63
Let y(v) = -140*v + 9921. Calculate y(71).
-19
Let x(a) = -70*a + 1239. What is x(24)?
-441
Let w(d) = 4*d**2 - 7*d - 30. Calculate w(4).
6
Let c(q) = q**3 - 49*q**2 - 99*q - 148. Give c(51).
5
Let s(i) = 2*i - 29. Determine s(26).
23
Let p(j) = j**2 + 298*j - 3400. Determine p(11).
-1
Let l(r) = -r**2 + 2*r + 48. Calculate l(-16).
-240
Let a(v) = -v**3 + 23*v**2 + 33*v - 42. Give a(24).
174
Let y(t) = 120*t - 165. Calculate y(2).
75
Let x(i) = 856*i + 133529. Give x(-156).
-7
Let m(u) = -3*u**3 + 79*u**2 - 35*u + 233. Determine m(26).
-1
Let j(r) = r**2 + 17*r + 128. Calculate j(-12).
68
Let y(s) = 2*s**2 + 109*s + 845. What is y(-11)?
-112
Let l(a) = 5*a**2 + 297*a - 1134. Calculate l(-63).
0
Let a(n) = n**3 + 61*n**2 + 110*n - 442. Give a(-59).
30
Let r(i) = -40*i**2 - 42*i - 9. Determine r(-2).
-85
Let p(k) = k**2 - 372*k - 1147. Determine p(-3).
-22
Let c(p) = 26*p**3 - 11*p - 9. Determine c(-2).
-195
Let m(s) = 44*s - 2266. What is m(54)?
110
Let a(y) = 4*y**2 - 84*y - 1. Give a(23).
183
Let q(x) = 2*x**2 - 328*x - 3131. Calculate q(-9).
-17
Let i(h) = 17*h + 318. Calculate i(-18).
12
Let f(k) = 30*k**2 - 6*k + 13. Calculate f(3).
265
Let c(x) = x**3 + 10*x**2 + 17*x - 52. Calculate c(-8).
-60
Let m(u) = u**3 + 22*u**2 - 7*u + 139. Give m(-23).
-229
Let z(k) = -2*k**3 - 24*k**2 + 30*k + 527. Give z(-10).
-173
Let j(w) = 5*w**3 + 2*w**2 - 20*w - 43. What is j(-3)?
-100
Let n(c) = -2*c**3 + 38*c**2 - 69*c + 6. Determine n(17).
-11
Let t(y) = -2*y**2 + 21*y + 34. Give t(12).
-2
Let d(w) = -w**2 - 170*w + 134. Determine d(0).
134
Let d(n) = n**3 + 70*n**2 - 1800*n + 11. Determine d(20).
11
Let r(j) = 2*j**2 + 22*j - 2031. What is r(-38)?
21
Let b(y) = 79*y + 49. Give b(-5).
-346
Let z(r) = -44*r - 26. Determine z(-6).
238
Let k(p) = p**2 + 3*p - 5. Calculate k(-9).
49
Let y(z) = -26*z**2 - 267*z - 57. Give y(-10).
13
Let n(q) = -q**3 + 36*q**2 - 66*q + 815. What is n(35)?
-270
Let z(n) = -2*n**3 - 86*n**2 - 164*n - 53. Determine z(-41).
-53
Let v(p) = -10*p**2 - 687*p - 470. Calculate v(-68).
6
Let g(u) = 29*u**3 + 60*u**2 - 90*u - 185. Determine g(-2).
3
Let x(t) = -423*t - 405. What is x(-1)?
18
Let q(n) = -n**2 - 2254*n - 6750. What is q(-3)?
3
Let v(n) = n**2 - 55*n - 354. Give v(60).
-54
Let c(s) = -265*s - 1845. Give c(-7).
10
Let o(k) = 3036*k + 318773. Give o(-105).
-7
Let g(q) = 75*q - 19398. Calculate g(259).
27
Let y(a) = 113*a**2 - 21*a + 4. What is y(1)?
96
Let k(y) = 2*y**2 - 5*y - 24. Give k(4).
-12
Let d(y) = y**3 + 13*y**2 + 131*y + 1425. Calculate d(-12).
-3
Let u(b) = 1113*b + 3475. What is u(-3)?
136
Let d(a) = 319*a - 16904. Give d(53).
3
Let p(n) = -n**3 + 79*n**2 + 85*n - 73. What is p(80)?
327
Let z(h) = 69*h + 42. Calculate z(-3).
-165
Let l(j) = 2*j**2 - 84*j - 131. Give l(45).
139
Let q(l) = l**3 + 15*l**2 + 29*l + 43. What is q(-13)?
4
Let m(b) = -b**3 + 60*b**2 - 729*b + 2426. What is m(45)?
-4
Let t(o) = 2*o**2 - 115*o - 4547. What is t(-27)?
16
Let n(q) = 850*q - 12745. Calculate n(15).
5
Let c(i) = 3*i**3 - 23*i**2 - 7*i - 23. Determine c(8).
-15
Let z(w) = 10*w**2 + 10*w - 5. What is z(1)?
15
Let z(j) = -124*j + 701. What is z(4)?
205
Let h(l) = 8*l - 102. Determine h(13).
2
Let s(q) = q - 38. What is s(14)?
-24
Let d(b) = -88*b - 1586. Give d(-18).
-2
Let w(b) = -b**3 - 80*b**2 - 156*b + 20. Calculate w(-78).
20
Let q(b) = -8*b**2 - 51*b - 37. Calculate q(-6).
-19
Let p(a) = a**2 - 58*a - 777. What is p(69)?
-18
Let n(a) = a**3 - 15*a**2 - 14*a - 370. What is n(17)?
-30
Let a(f) = -63*f**2 + 90*f + 1. Calculate a(2).
-71
Let j(r) = -r**3 - 18*r**2 - 56*r + 15. What is j(-14)?
15
Let q(h) = -h**3 - 12*h**2 - 7*h + 35. Give q(-12).
119
Let g(i) = -i**2 + 60*i - 35. Determine g(0).
-35
Let l(z) = -2*z**3 + 22*z**2 + 3*z + 488. What is l(0)?
488
Let p(i) = 6*i**3 + 2*i**2 + 13*i + 5. Determine p(-2).
-61
Let w(i) = -10*i - 295. Give w(-26).
-35
Let x(j) = 14*j**3 - 62*j**2 + 11*j - 15. Determine x(4).
-67
Let w(d) = -3*d**3 - 7*d**2 + 4*d + 2. Determine w(2).
-42
Let n(i) = 2*i**2 + 311*i + 1415. Give n(-150).
-235
Let p(k) = -15*k - 149. Give p(-9).
-14
Let h(m) = m**3 - 10*m**2 - 10*m + 29. Calculate h(10).
-71
Let g(n) = -3*n**3 - 14*n**2 - 18*n + 8. What is g(-2)?
12
Let g(z) = 20*z**3 + 201*z**2 + 100*z + 904. What is g(-10)?
4
Let z(u) = -u**3 - 5*u**2 - 11*u - 5. Give z(-7).
170
Let b(c) = -c**3 + 18*c**2 - 16*c + 258. Calculate b(18).
-30
Let y(f) = 106*f**2 - 2*f + 1. Give y(2).
421
Let h(l) = 73*l + 13237. Give h(-181).
24
Let k(u) = -981*u - 3920. Determine k(-4).
4
Let a(w) = 2*w**3 - 121*w**2 - 40*w - 1295. What is a(61)?
-14
Let x(l) = -l**2 + 31*l + 4099. Calculate x(82).
-83
Let j(z) = 4*z**2 + 4*z - 87. Give j(-8).
137
Let w(g) = 10*g**2 - 441*g + 107. Determine w(44).
63
Let p(d) = -106*d**3 - 28*d**2 - 24*d + 5. Determine p(-1).
107
Let h(u) = 26*u**2 + 66*u - 147. Calculate h(-4).
5
Let s(a) = -a**3 - 34*a**2 + 41*a + 1389. Calculate s(-34).
-5
Let f(y) = -y**3 + 8*y**2 + 30*y - 195. Calculate f(9).
-6
Let v(p) = -p**3 - 61*p**2 + 8*p + 500. Determine v(-61).
12
Let v(z) = z**2 + 267*z - 5740. What is v(20)?
0
Let y(u) = -8*u - 132. What is y(-17)?
4
Let a(c) = -64*c + 3698. What is a(58)?
-14
Let g(w) = -w**3 + 42*w**2 - 115*w - 122. Calculate g(39).
-44
Let t(k) = 6*k**2 - 26*k - 72. What is t(-4)?
128
Let t(g) = -2*g**2 + 27*g - 118. Determine t(6).
-28
Let x(l) = -7*l - 589. Determine x(-92).
55
Let g(d) = -538*d + 15571. Determine g(29).
-31
Let p(j) = j**2 - 400. Calculate p(-15).
-175
Let m(f) = -142*f + 904. Calculate m(6).
52
Let j(a) = -4*a**3 + 32*a**2 + 7*a - 58. Calculate j(8).
-2
Let x(h) = h**3 - 22*h**2 + 7*h + 14. Calculate x(22).
168
Let m(b) = 147*b - 679. Determine m(0).
-679
Let l(y) = -15*y**2 + 19*y - 28. Give l(2).
-50
Let w(m) = -44*m**2 + 176*m - 174. Calculate w(1).
-42
Let z(x) = 128*x - 707. Determine z(6).
61
Let t(r) = -598*r + 4822. Calculate t(8).
38
Let k(d) = -7*d**3 - 17*d**2 -